{"id":1624,"date":"2013-08-30T12:07:22","date_gmt":"2013-08-30T10:07:22","guid":{"rendered":"http:\/\/www.belart.rs\/?post_type=project&#038;p=1624"},"modified":"2014-08-08T21:05:38","modified_gmt":"2014-08-08T21:05:38","slug":"zbirka-strane-umetnosti","status":"publish","type":"project","link":"http:\/\/danubeartfest.org\/srb\/project\/zbirka-strane-umetnosti\/","title":{"rendered":"Lin\u0161inger \/\/ Vu\u010dini\u0107"},"content":{"rendered":"<p>Austrijsko srpski dijalog: Jozef Lin\u0161inger\u00a0(A) \/ Ljubomir\u00a0Vu\u010dini\u0107 (SR)<\/p>\n<p>Lokacija: Muzej grada Novog Sada, Zbirka strane umetnosti,\u00a0Dunavska 31<\/p>\n<p><a href=\"http:\/\/danubeartfest.org\/web\/wp-content\/uploads\/Josef-Linschinger-2.jpg\"><img loading=\"lazy\" decoding=\"async\" class=\"alignnone size-large wp-image-1949\" src=\"http:\/\/danubeartfest.org\/web\/wp-content\/uploads\/Josef-Linschinger-2-1024x1024.jpg\" alt=\"Josef Linschinger 2\" width=\"1024\" height=\"1024\" srcset=\"http:\/\/danubeartfest.org\/srb\/wp-content\/uploads\/Josef-Linschinger-2-1024x1024.jpg 1024w, http:\/\/danubeartfest.org\/srb\/wp-content\/uploads\/Josef-Linschinger-2-150x150.jpg 150w, http:\/\/danubeartfest.org\/srb\/wp-content\/uploads\/Josef-Linschinger-2-300x300.jpg 300w, http:\/\/danubeartfest.org\/srb\/wp-content\/uploads\/Josef-Linschinger-2.jpg 1080w\" sizes=\"(max-width: 1024px) 100vw, 1024px\" \/><br \/>\n<\/a><\/p>\n<p><strong>Jozef Lin\u0161inger<\/strong> (1945, Gmundenu, Austrija) Diplomirao na Univerzitetu za umetnost i dizajn u Lincu.\u00a0 Predava\u010d i profesor na istom univerzitetu (1975-2003). Bavi se grafikom, a od 1987. i vizuelno-koceptualnom poezijom. Radio na projektu Konstruktive Str\u00f6mungen kao organizator i kustos Gmunderskog simpozijuma za konkretisti\u010dku umetnost (1990-2009). Od 1981. izla\u017ee u evropskim zemljama, te u Ekvadoru, Izraelu, Japanu, Kanadi, Koreji i SAD. Njegovi umetni\u010dki radovi se nalaze u brojnim muzejskim i privatnim kolekcijama. \u017divi i radi u Traunkir\u0161enu.<\/p>\n<p><a href=\"http:\/\/danubeartfest.org\/web\/wp-content\/uploads\/DSC0192.jpg\"><img loading=\"lazy\" decoding=\"async\" class=\"alignnone size-large wp-image-1948\" src=\"http:\/\/danubeartfest.org\/web\/wp-content\/uploads\/DSC0192-1024x682.jpg\" alt=\"_DSC0192\" width=\"1024\" height=\"682\" srcset=\"http:\/\/danubeartfest.org\/srb\/wp-content\/uploads\/DSC0192-1024x682.jpg 1024w, http:\/\/danubeartfest.org\/srb\/wp-content\/uploads\/DSC0192-300x200.jpg 300w, http:\/\/danubeartfest.org\/srb\/wp-content\/uploads\/DSC0192-1080x720.jpg 1080w, http:\/\/danubeartfest.org\/srb\/wp-content\/uploads\/DSC0192.jpg 1620w\" sizes=\"(max-width: 1024px) 100vw, 1024px\" \/><br \/>\n<\/a><\/p>\n<p><strong>Ljubomir Vu\u010dini\u0107<\/strong> (1956, \u010curug, Srbija). Diplomirao (1982) i magistrirao grafiku (2009) na Akademiji umetnosti u Novom Sadu. Bio urednik likovnog programa u Kulturnom centru Novog Sada, likovni urednik \u010dasopisa POLJA, urednik likovnog programa Internacionalnog Festivala Alternativnog i novog teatra INFANT (1997 &#8211; 2005). Od 2005. docent na likovnom departmanu Akademije umetnosti u Novom Sadu, katedra za crte\u017e. \u017divi i radi u Novom Sadu.<\/p>\n<p><a href=\"http:\/\/danubeartfest.org\/web\/wp-content\/uploads\/Linsinger-Vucinic-08.jpg\"><img loading=\"lazy\" decoding=\"async\" class=\"alignnone size-large wp-image-1952\" src=\"http:\/\/danubeartfest.org\/web\/wp-content\/uploads\/Linsinger-Vucinic-08-1024x682.jpg\" alt=\"Linsinger -Vucinic 08\" width=\"1024\" height=\"682\" srcset=\"http:\/\/danubeartfest.org\/srb\/wp-content\/uploads\/Linsinger-Vucinic-08-1024x682.jpg 1024w, http:\/\/danubeartfest.org\/srb\/wp-content\/uploads\/Linsinger-Vucinic-08-300x200.jpg 300w, http:\/\/danubeartfest.org\/srb\/wp-content\/uploads\/Linsinger-Vucinic-08-1080x720.jpg 1080w, http:\/\/danubeartfest.org\/srb\/wp-content\/uploads\/Linsinger-Vucinic-08.jpg 1620w\" sizes=\"(max-width: 1024px) 100vw, 1024px\" \/><\/a> <a href=\"http:\/\/danubeartfest.org\/web\/wp-content\/uploads\/Linsinger-Vucinic-06.jpg\"><img loading=\"lazy\" decoding=\"async\" class=\"alignnone size-large wp-image-1951\" src=\"http:\/\/danubeartfest.org\/web\/wp-content\/uploads\/Linsinger-Vucinic-06-1024x682.jpg\" alt=\"Linsinger -Vucinic 06\" width=\"1024\" height=\"682\" srcset=\"http:\/\/danubeartfest.org\/srb\/wp-content\/uploads\/Linsinger-Vucinic-06-1024x682.jpg 1024w, http:\/\/danubeartfest.org\/srb\/wp-content\/uploads\/Linsinger-Vucinic-06-300x200.jpg 300w, http:\/\/danubeartfest.org\/srb\/wp-content\/uploads\/Linsinger-Vucinic-06-1080x720.jpg 1080w, http:\/\/danubeartfest.org\/srb\/wp-content\/uploads\/Linsinger-Vucinic-06.jpg 1620w\" sizes=\"(max-width: 1024px) 100vw, 1024px\" \/><\/a><\/p>\n","protected":false},"excerpt":{"rendered":"<p>Austrijsko srpski dijalog: Jozef Lin\u0161inger\u00a0(A) \/ Ljubomir\u00a0Vu\u010dini\u0107 (SR) Lokacija: Muzej grada Novog Sada, Zbirka strane umetnosti,\u00a0Dunavska 31 Jozef Lin\u0161inger (1945, Gmundenu, Austrija) Diplomirao na Univerzitetu za umetnost i dizajn u Lincu.\u00a0 Predava\u010d i profesor na istom univerzitetu (1975-2003). Bavi se grafikom, a od 1987. i vizuelno-koceptualnom poezijom. Radio na projektu Konstruktive Str\u00f6mungen kao organizator i [&hellip;]<\/p>\n","protected":false},"author":2,"featured_media":1950,"comment_status":"closed","ping_status":"open","template":"","meta":{"_et_pb_use_builder":"","_et_pb_old_content":"","_et_gb_content_width":"","footnotes":""},"project_category":[9],"project_tag":[],"class_list":["post-1624","project","type-project","status-publish","has-post-thumbnail","hentry","project_category-umetnicki-dijalozi"],"_links":{"self":[{"href":"http:\/\/danubeartfest.org\/srb\/wp-json\/wp\/v2\/project\/1624","targetHints":{"allow":["GET"]}}],"collection":[{"href":"http:\/\/danubeartfest.org\/srb\/wp-json\/wp\/v2\/project"}],"about":[{"href":"http:\/\/danubeartfest.org\/srb\/wp-json\/wp\/v2\/types\/project"}],"author":[{"embeddable":true,"href":"http:\/\/danubeartfest.org\/srb\/wp-json\/wp\/v2\/users\/2"}],"replies":[{"embeddable":true,"href":"http:\/\/danubeartfest.org\/srb\/wp-json\/wp\/v2\/comments?post=1624"}],"version-history":[{"count":0,"href":"http:\/\/danubeartfest.org\/srb\/wp-json\/wp\/v2\/project\/1624\/revisions"}],"wp:featuredmedia":[{"embeddable":true,"href":"http:\/\/danubeartfest.org\/srb\/wp-json\/wp\/v2\/media\/1950"}],"wp:attachment":[{"href":"http:\/\/danubeartfest.org\/srb\/wp-json\/wp\/v2\/media?parent=1624"}],"wp:term":[{"taxonomy":"project_category","embeddable":true,"href":"http:\/\/danubeartfest.org\/srb\/wp-json\/wp\/v2\/project_category?post=1624"},{"taxonomy":"project_tag","embeddable":true,"href":"http:\/\/danubeartfest.org\/srb\/wp-json\/wp\/v2\/project_tag?post=1624"}],"curies":[{"name":"wp","href":"https:\/\/api.w.org\/{rel}","templated":true}]}}

Linšinger // Vučinić

<p>Austrijsko srpski dijalog: Jozef Linšinger (A) / Ljubomir Vučinić (SR)</p>
<p>Lokacija: Muzej grada Novog Sada, Zbirka strane umetnosti, Dunavska 31</p>
<p><a href="http://danubeartfest.org/web/wp-content/uploads/Josef-Linschinger-2.jpg"><img loading="lazy" decoding="async" class="alignnone size-large wp-image-1949" src="http://danubeartfest.org/web/wp-content/uploads/Josef-Linschinger-2-1024x1024.jpg" alt="Josef Linschinger 2" width="1024" height="1024" srcset="http://danubeartfest.org/srb/wp-content/uploads/Josef-Linschinger-2-1024x1024.jpg 1024w, http://danubeartfest.org/srb/wp-content/uploads/Josef-Linschinger-2-150x150.jpg 150w, http://danubeartfest.org/srb/wp-content/uploads/Josef-Linschinger-2-300x300.jpg 300w, http://danubeartfest.org/srb/wp-content/uploads/Josef-Linschinger-2.jpg 1080w" sizes="(max-width: 1024px) 100vw, 1024px" /><br />
</a></p>
<p><strong>Jozef Linšinger</strong> (1945, Gmundenu, Austrija) Diplomirao na Univerzitetu za umetnost i dizajn u Lincu.  Predavač i profesor na istom univerzitetu (1975-2003). Bavi se grafikom, a od 1987. i vizuelno-koceptualnom poezijom. Radio na projektu Konstruktive Strömungen kao organizator i kustos Gmunderskog simpozijuma za konkretističku umetnost (1990-2009). Od 1981. izlaže u evropskim zemljama, te u Ekvadoru, Izraelu, Japanu, Kanadi, Koreji i SAD. Njegovi umetnički radovi se nalaze u brojnim muzejskim i privatnim kolekcijama. Živi i radi u Traunkiršenu.</p>
<p><a href="http://danubeartfest.org/web/wp-content/uploads/DSC0192.jpg"><img loading="lazy" decoding="async" class="alignnone size-large wp-image-1948" src="http://danubeartfest.org/web/wp-content/uploads/DSC0192-1024x682.jpg" alt="_DSC0192" width="1024" height="682" srcset="http://danubeartfest.org/srb/wp-content/uploads/DSC0192-1024x682.jpg 1024w, http://danubeartfest.org/srb/wp-content/uploads/DSC0192-300x200.jpg 300w, http://danubeartfest.org/srb/wp-content/uploads/DSC0192-1080x720.jpg 1080w, http://danubeartfest.org/srb/wp-content/uploads/DSC0192.jpg 1620w" sizes="(max-width: 1024px) 100vw, 1024px" /><br />
</a></p>
<p><strong>Ljubomir Vučinić</strong> (1956, Čurug, Srbija). Diplomirao (1982) i magistrirao grafiku (2009) na Akademiji umetnosti u Novom Sadu. Bio urednik likovnog programa u Kulturnom centru Novog Sada, likovni urednik časopisa POLJA, urednik likovnog programa Internacionalnog Festivala Alternativnog i novog teatra INFANT (1997 &#8211; 2005). Od 2005. docent na likovnom departmanu Akademije umetnosti u Novom Sadu, katedra za crtež. Živi i radi u Novom Sadu.</p>
<p><a href="http://danubeartfest.org/web/wp-content/uploads/Linsinger-Vucinic-08.jpg"><img loading="lazy" decoding="async" class="alignnone size-large wp-image-1952" src="http://danubeartfest.org/web/wp-content/uploads/Linsinger-Vucinic-08-1024x682.jpg" alt="Linsinger -Vucinic 08" width="1024" height="682" srcset="http://danubeartfest.org/srb/wp-content/uploads/Linsinger-Vucinic-08-1024x682.jpg 1024w, http://danubeartfest.org/srb/wp-content/uploads/Linsinger-Vucinic-08-300x200.jpg 300w, http://danubeartfest.org/srb/wp-content/uploads/Linsinger-Vucinic-08-1080x720.jpg 1080w, http://danubeartfest.org/srb/wp-content/uploads/Linsinger-Vucinic-08.jpg 1620w" sizes="(max-width: 1024px) 100vw, 1024px" /></a> <a href="http://danubeartfest.org/web/wp-content/uploads/Linsinger-Vucinic-06.jpg"><img loading="lazy" decoding="async" class="alignnone size-large wp-image-1951" src="http://danubeartfest.org/web/wp-content/uploads/Linsinger-Vucinic-06-1024x682.jpg" alt="Linsinger -Vucinic 06" width="1024" height="682" srcset="http://danubeartfest.org/srb/wp-content/uploads/Linsinger-Vucinic-06-1024x682.jpg 1024w, http://danubeartfest.org/srb/wp-content/uploads/Linsinger-Vucinic-06-300x200.jpg 300w, http://danubeartfest.org/srb/wp-content/uploads/Linsinger-Vucinic-06-1080x720.jpg 1080w, http://danubeartfest.org/srb/wp-content/uploads/Linsinger-Vucinic-06.jpg 1620w" sizes="(max-width: 1024px) 100vw, 1024px" /></a></p>

<p>Austrijsko srpski dijalog: Jozef Linšinger (A) / Ljubomir Vučinić (SR) Lokacija: Muzej grada Novog Sada, Zbirka strane umetnosti, Dunavska 31 Jozef Linšinger (1945, Gmundenu, Austrija) Diplomirao na Univerzitetu za umetnost i dizajn u Lincu.  Predavač i profesor na istom univerzitetu (1975-2003). Bavi se grafikom, a od 1987. i vizuelno-koceptualnom poezijom. Radio na projektu Konstruktive Strömungen kao organizator i [&hellip;]</p>
