{"id":2512,"date":"2014-09-04T01:08:51","date_gmt":"2014-09-04T01:08:51","guid":{"rendered":"http:\/\/danubeartfest.org\/srb\/?post_type=project&#038;p=2512"},"modified":"2014-09-05T09:40:10","modified_gmt":"2014-09-05T09:40:10","slug":"srbija","status":"publish","type":"project","link":"http:\/\/danubeartfest.org\/srb\/project\/srbija\/","title":{"rendered":"Srbija"},"content":{"rendered":"<div class=\"page\" title=\"Page 1\">\n<div class=\"layoutArea\">\n<div class=\"column\">\n<h2>27 avgust \u2013 11. septembar<\/h2>\n<p>RADO\u0160 ANTONIJEVI\u0106, ANDREA IVANOVI\u0106-JAK\u0160I\u0106, VELJKO VUJA\u0106I\u0106, VESNA PERUNOVI\u0106<\/p>\n<p>Kustoskinja: Sun\u010dica Fenj\u010dev Lambi\u0107<\/p>\n<div class=\"page\" title=\"Page 1\">\n<div class=\"layoutArea\">\n<div class=\"column\">\n<p><span style=\"font-style: italic;\">Galerija Fondacije Brtka Kresoja, Beogradska 23, Petrovaradin <\/span><\/p>\n<p><span style=\"font-style: italic;\">radno vreme: utorak-petak 17-20 h<\/span><\/p>\n<div class=\"et_pb_slider et_pb_slider_fullwidth_off et_pb_gallery_post_type\">\n\t\t\t\t<div class=\"et_pb_slides\">\n\t\t\t\t\t<div class=\"et_pb_slide\" style=\"background: url(http:\/\/danubeartfest.org\/srb\/wp-content\/uploads\/DSC_42171.jpg);\"><\/div><div class=\"et_pb_slide\" style=\"background: url(http:\/\/danubeartfest.org\/srb\/wp-content\/uploads\/DSC_42241.jpg);\"><\/div><div class=\"et_pb_slide\" style=\"background: url(http:\/\/danubeartfest.org\/srb\/wp-content\/uploads\/DSC_42121.jpg);\"><\/div><div class=\"et_pb_slide\" style=\"background: url(http:\/\/danubeartfest.org\/srb\/wp-content\/uploads\/DSC_4227.jpg);\"><\/div><div class=\"et_pb_slide\" style=\"background: url(http:\/\/danubeartfest.org\/srb\/wp-content\/uploads\/DSC_4395.jpg);\"><\/div><div class=\"et_pb_slide\" style=\"background: url(http:\/\/danubeartfest.org\/srb\/wp-content\/uploads\/DSC_42081.jpg);\"><\/div><div class=\"et_pb_slide\" style=\"background: url(http:\/\/danubeartfest.org\/srb\/wp-content\/uploads\/DSC_4260.jpg);\"><\/div><div class=\"et_pb_slide\" style=\"background: url(http:\/\/danubeartfest.org\/srb\/wp-content\/uploads\/DSC_42071.jpg);\"><\/div><div class=\"et_pb_slide\" style=\"background: url(http:\/\/danubeartfest.org\/srb\/wp-content\/uploads\/DSC_42111.jpg);\"><\/div><div class=\"et_pb_slide\" style=\"background: url(http:\/\/danubeartfest.org\/srb\/wp-content\/uploads\/DSC_42311.jpg);\"><\/div><div class=\"et_pb_slide\" style=\"background: url(http:\/\/danubeartfest.org\/srb\/wp-content\/uploads\/DSC_42341.jpg);\"><\/div><div class=\"et_pb_slide\" style=\"background: url(http:\/\/danubeartfest.org\/srb\/wp-content\/uploads\/DSC_42441.jpg);\"><\/div><div class=\"et_pb_slide\" style=\"background: url(http:\/\/danubeartfest.org\/srb\/wp-content\/uploads\/DSC_42361.jpg);\"><\/div><div class=\"et_pb_slide\" style=\"background: url(http:\/\/danubeartfest.org\/srb\/wp-content\/uploads\/DSC_42411.jpg);\"><\/div><div class=\"et_pb_slide\" style=\"background: url(http:\/\/danubeartfest.org\/srb\/wp-content\/uploads\/DSC_42451.jpg);\"><\/div><div class=\"et_pb_slide\" style=\"background: url(http:\/\/danubeartfest.org\/srb\/wp-content\/uploads\/DSC_42471.jpg);\"><\/div><div class=\"et_pb_slide\" style=\"background: url(http:\/\/danubeartfest.org\/srb\/wp-content\/uploads\/DSC_42561.jpg);\"><\/div><div class=\"et_pb_slide\" style=\"background: url(http:\/\/danubeartfest.org\/srb\/wp-content\/uploads\/DSC_42581.jpg);\"><\/div><div class=\"et_pb_slide\" style=\"background: url(http:\/\/danubeartfest.org\/srb\/wp-content\/uploads\/DSC_42611.jpg);\"><\/div><div class=\"et_pb_slide\" style=\"background: url(http:\/\/danubeartfest.org\/srb\/wp-content\/uploads\/DSC_4404.jpg);\"><\/div><div class=\"et_pb_slide\" style=\"background: url(http:\/\/danubeartfest.org\/srb\/wp-content\/uploads\/DSC_4408.jpg);\"><\/div><div class=\"et_pb_slide\" style=\"background: url(http:\/\/danubeartfest.org\/srb\/wp-content\/uploads\/DSC_4413.jpg);\"><\/div><div class=\"et_pb_slide\" style=\"background: url(http:\/\/danubeartfest.org\/srb\/wp-content\/uploads\/DSC_4422.jpg);\"><\/div><div class=\"et_pb_slide\" style=\"background: url(http:\/\/danubeartfest.org\/srb\/wp-content\/uploads\/DSC_4226.jpg);\"><\/div><div class=\"et_pb_slide\" style=\"background: url(http:\/\/danubeartfest.org\/srb\/wp-content\/uploads\/DSC_4445.jpg);\"><\/div>\n\t\t\t\t<\/div>\n\t\t\t<\/div>\n<p>&nbsp;<\/p>\n<\/div>\n<\/div>\n<\/div>\n<\/div>\n<\/div>\n<\/div>\n","protected":false},"excerpt":{"rendered":"<p>27 avgust \u2013 11. septembar RADO\u0160 ANTONIJEVI\u0106, ANDREA IVANOVI\u0106-JAK\u0160I\u0106, VELJKO VUJA\u0106I\u0106, VESNA PERUNOVI\u0106 Kustoskinja: Sun\u010dica Fenj\u010dev Lambi\u0107 Galerija Fondacije Brtka Kresoja, Beogradska 23, Petrovaradin radno vreme: utorak-petak 17-20 h &nbsp;<\/p>\n","protected":false},"author":2,"featured_media":2900,"comment_status":"closed","ping_status":"open","template":"","meta":{"_et_pb_use_builder":"","_et_pb_old_content":"","_et_gb_content_width":"","footnotes":""},"project_category":[17],"project_tag":[],"class_list":["post-2512","project","type-project","status-publish","has-post-thumbnail","hentry","project_category-individualne-izlozbe-podunavskih-zemalja-2014"],"_links":{"self":[{"href":"http:\/\/danubeartfest.org\/srb\/wp-json\/wp\/v2\/project\/2512","targetHints":{"allow":["GET"]}}],"collection":[{"href":"http:\/\/danubeartfest.org\/srb\/wp-json\/wp\/v2\/project"}],"about":[{"href":"http:\/\/danubeartfest.org\/srb\/wp-json\/wp\/v2\/types\/project"}],"author":[{"embeddable":true,"href":"http:\/\/danubeartfest.org\/srb\/wp-json\/wp\/v2\/users\/2"}],"replies":[{"embeddable":true,"href":"http:\/\/danubeartfest.org\/srb\/wp-json\/wp\/v2\/comments?post=2512"}],"version-history":[{"count":0,"href":"http:\/\/danubeartfest.org\/srb\/wp-json\/wp\/v2\/project\/2512\/revisions"}],"wp:featuredmedia":[{"embeddable":true,"href":"http:\/\/danubeartfest.org\/srb\/wp-json\/wp\/v2\/media\/2900"}],"wp:attachment":[{"href":"http:\/\/danubeartfest.org\/srb\/wp-json\/wp\/v2\/media?parent=2512"}],"wp:term":[{"taxonomy":"project_category","embeddable":true,"href":"http:\/\/danubeartfest.org\/srb\/wp-json\/wp\/v2\/project_category?post=2512"},{"taxonomy":"project_tag","embeddable":true,"href":"http:\/\/danubeartfest.org\/srb\/wp-json\/wp\/v2\/project_tag?post=2512"}],"curies":[{"name":"wp","href":"https:\/\/api.w.org\/{rel}","templated":true}]}}

<div class="page" title="Page 1">
<div class="layoutArea">
<div class="column">
<h2>27 avgust – 11. septembar</h2>
<p>RADOŠ ANTONIJEVIĆ, ANDREA IVANOVIĆ-JAKŠIĆ, VELJKO VUJAĆIĆ, VESNA PERUNOVIĆ</p>
<p>Kustoskinja: Sunčica Fenjčev Lambić</p>
<div class="page" title="Page 1">
<div class="layoutArea">
<div class="column">
<p><span style="font-style: italic;">Galerija Fondacije Brtka Kresoja, Beogradska 23, Petrovaradin </span></p>
<p><span style="font-style: italic;">radno vreme: utorak-petak 17-20 h</span></p>
<div class="et_pb_slider et_pb_slider_fullwidth_off et_pb_gallery_post_type">
				<div class="et_pb_slides">
					<div class="et_pb_slide" style="background: url(http://danubeartfest.org/srb/wp-content/uploads/DSC_42171.jpg);"></div><div class="et_pb_slide" style="background: url(http://danubeartfest.org/srb/wp-content/uploads/DSC_42241.jpg);"></div><div class="et_pb_slide" style="background: url(http://danubeartfest.org/srb/wp-content/uploads/DSC_42121.jpg);"></div><div class="et_pb_slide" style="background: url(http://danubeartfest.org/srb/wp-content/uploads/DSC_4227.jpg);"></div><div class="et_pb_slide" style="background: url(http://danubeartfest.org/srb/wp-content/uploads/DSC_4395.jpg);"></div><div class="et_pb_slide" style="background: url(http://danubeartfest.org/srb/wp-content/uploads/DSC_42081.jpg);"></div><div class="et_pb_slide" style="background: url(http://danubeartfest.org/srb/wp-content/uploads/DSC_4260.jpg);"></div><div class="et_pb_slide" style="background: url(http://danubeartfest.org/srb/wp-content/uploads/DSC_42071.jpg);"></div><div class="et_pb_slide" style="background: url(http://danubeartfest.org/srb/wp-content/uploads/DSC_42111.jpg);"></div><div class="et_pb_slide" style="background: url(http://danubeartfest.org/srb/wp-content/uploads/DSC_42311.jpg);"></div><div class="et_pb_slide" style="background: url(http://danubeartfest.org/srb/wp-content/uploads/DSC_42341.jpg);"></div><div class="et_pb_slide" style="background: url(http://danubeartfest.org/srb/wp-content/uploads/DSC_42441.jpg);"></div><div class="et_pb_slide" style="background: url(http://danubeartfest.org/srb/wp-content/uploads/DSC_42361.jpg);"></div><div class="et_pb_slide" style="background: url(http://danubeartfest.org/srb/wp-content/uploads/DSC_42411.jpg);"></div><div class="et_pb_slide" style="background: url(http://danubeartfest.org/srb/wp-content/uploads/DSC_42451.jpg);"></div><div class="et_pb_slide" style="background: url(http://danubeartfest.org/srb/wp-content/uploads/DSC_42471.jpg);"></div><div class="et_pb_slide" style="background: url(http://danubeartfest.org/srb/wp-content/uploads/DSC_42561.jpg);"></div><div class="et_pb_slide" style="background: url(http://danubeartfest.org/srb/wp-content/uploads/DSC_42581.jpg);"></div><div class="et_pb_slide" style="background: url(http://danubeartfest.org/srb/wp-content/uploads/DSC_42611.jpg);"></div><div class="et_pb_slide" style="background: url(http://danubeartfest.org/srb/wp-content/uploads/DSC_4404.jpg);"></div><div class="et_pb_slide" style="background: url(http://danubeartfest.org/srb/wp-content/uploads/DSC_4408.jpg);"></div><div class="et_pb_slide" style="background: url(http://danubeartfest.org/srb/wp-content/uploads/DSC_4413.jpg);"></div><div class="et_pb_slide" style="background: url(http://danubeartfest.org/srb/wp-content/uploads/DSC_4422.jpg);"></div><div class="et_pb_slide" style="background: url(http://danubeartfest.org/srb/wp-content/uploads/DSC_4226.jpg);"></div><div class="et_pb_slide" style="background: url(http://danubeartfest.org/srb/wp-content/uploads/DSC_4445.jpg);"></div>
				</div>
			</div>
<p>&nbsp;</p>
</div>
</div>
</div>
</div>
</div>
</div>

<p>27 avgust – 11. septembar RADOŠ ANTONIJEVIĆ, ANDREA IVANOVIĆ-JAKŠIĆ, VELJKO VUJAĆIĆ, VESNA PERUNOVIĆ Kustoskinja: Sunčica Fenjčev Lambić Galerija Fondacije Brtka Kresoja, Beogradska 23, Petrovaradin radno vreme: utorak-petak 17-20 h &nbsp;</p>
